ber?
False
Let v = -1 + -58. Suppose -4*t - 78 = -3*t. Let m = v - t. Is m prime?
True
Suppose 1028024 + 2635144 = -4*q. Is (-3)/(q/(-101756) + -9) composite?
False
Let y = 490323 + -224042. Is y composite?
False
Suppose 1243483 = 8*d + 7*d - 1488632. Is d a prime number?
True
Let y be (2122/8)/(1/36*9). Suppose -8*c - y = -2829. Is c prime?
False
Suppose 2*y + 62 - 70 = 0, d - 2*y - 32929 = 0. Is d a composite number?
True
Let b be (-12631)/(-34) + -1 + (-15)/(-6). Let r(m) = -m + 16. Let x be r(12). Suppose 679 = x*u - b. Is u a composite number?
False
Let u(y) be the second derivative of 9*y**4/4 + 13*y**2/2 + 26*y. Let z be u(-5). Suppose z + 374 = 9*i. Is i composite?
True
Suppose k + 136 = 1314. Suppose t = -340 + k. Is t composite?
True
Let x(t) = -2422*t**3 + 3*t**2 + 8*t - 3. Suppose -47*v = -27*v + 40. Is x(v) a composite number?
True
Let m be 3 - -1 - (0 + 2). Is ((-8)/16)/(4/(-64592)*m) prime?
False
Let g(x) be the first derivative of -67*x**4/4 + 5*x**3/3 + 3*x**2 - 3*x - 99. Is g(-5) a composite number?
False
Suppose l + 2 = -5*y + 20, -5*y + 10 = 0. Is l/20 + (-2926)/(-10) a prime number?
True
Is (-44956)/(-6)*(-7 - -202*2/8) a composite number?
True
Let r(x) = x**2 + 5*x. Let c be r(-6). Let d be 2 - -1 - 3/(c/(-434)). Suppose 3*l - 5*o = 113, 4*l - d = 5*o - 61. Is l a prime number?
False
Let j = 15 + -9. Let y be ((-2)/j)/(((-4)/15)/4). Suppose 5016 = 4*r - 0*s + 5*s, -y*r + 3*s = -6307. Is r composite?
False
Suppose -1100*y = -1082*y - 8080328 + 1400474. Is y a prime number?
False
Let c(r) = 13902*r**2 + 4*r - 3. Let m be (-8)/20*(-20)/8. Let x be c(m). Suppose -2*n = -5*k + x, -k - 3*n = -n - 2771. Is k composite?
True
Is ((-168)/(-42))/((-8)/(-3134)) composite?
False
Suppose 0 = 14*i - 117227 - 108495. Suppose 4*k + 6 = -2, 5*u = 4*k + i. Is u prime?
False
Let k(f) = 5*f**3 - 2*f**2 + 22*f - 15. Let h be k(8). Let n = -882 + h. Is n a composite number?
True
Suppose -m - 7975 = -3*z - 385, 2*m + 2530 = z. Suppose -w + 1279 = -5*a, 0*w - z = -2*w + 3*a. Let r = -878 + w. Is r a prime number?
False
Let j = 1446649 + -688266. Is j a prime number?
True
Let x(z) = 1438*z + 93. Let f be x(7). Let h = -3182 + f. Is h prime?
True
Let z(y) = -4*y + 4. Let j be z(1). Let r be 7/2*(-3 + 161). Suppose 4*a + j*t = -3*t + 2231, -a + 4*t = -r. Is a a composite number?
False
Let u(d) = d**3 - 20*d**2 - 21*d - 2. Let p be u(21). Is p + (72705/3 - 0) prime?
False
Let d be 28/6*24/16. Suppose -5*t = 5*q - 248815, 0 = -2*q + d*q - 5*t - 248775. Suppose -15*p = 2*p - q. Is p a composite number?
False
Is 100/(-15)*((-13070001)/28 - 12) a composite number?
True
Suppose 6 = 7*o - 5*o. Suppose -o*c - 1844 = -5*c. Suppose -4*u - 693 = -3*r + c, 1625 = 3*r + u. Is r prime?
True
Let p be 4/(-6) + 20/(-15) + 2. Suppose -x - x - 613 = -i, p = -2*x. Is i a composite number?
False
Suppose 0 = -2*x - 2*s + 3*s + 7, -5*x = -s - 19. Let f be x + 335 - (7 + -5). Suppose -9*d + f = -8*d. Is d composite?
False
Suppose i - 5 = 3*v - 0, 5*v - 25 = -5*i. Suppose v = -14*a + 1113 + 12215. Suppose 10*u - a = 198. Is u prime?
False
Suppose 2*i + o + 4*o - 1 = 0, -i + 2*o + 5 = 0. Suppose 3*s + i*p = 5796, -s - 3*p = 2*p - 1912. Is s prime?
False
Let l = 352 - -24363. Is l a composite number?
True
Let z = 2614 + 11365. Is z prime?
False
Let o(s) = -317*s + 133. Let z = 836 - 838. Is o(z) a composite number?
True
Let s(b) be the second derivative of 1142*b**3/3 - 61*b**2/2 - b - 14. Is s(5) composite?
True
Suppose 0 = -21*v + 603644 + 140365. Is v composite?
True
Let k = 465369 + -100700. Is k a composite number?
False
Is 261036 + 86 + 4 + -13 a composite number?
True
Let f(p) = p**2 - 28*p + 74. Let n be f(26). Suppose n*m = 38*m - 25504. Is m a composite number?
True
Let i(u) = u**3 + 7*u**2 + 9*u + 45. Let q be i(-12). Let l be -3 + 1 + 1528/1. Let m = q + l. Is m composite?
False
Let i(y) = -3*y - 41. Let u be i(-14). Let f(h) = 5 - 44 - 13*h - 37 - u. Is f(-18) a composite number?
False
Let r(x) = 23 + 17*x + 18*x - 9 - 23*x. Let l be r(-4). Let j = l - -44. Is j a composite number?
True
Suppose -15*x = -14*x + 17241. Let p = x - -24596. Is p prime?
False
Suppose 0 = -4*a + b + 18 + 8, 3*b + 22 = 4*a. Suppose -8 - a = -5*l, 2*z - 3*l = 18745. Is z a prime number?
True
Suppose -5*t = 2*m - 2483675, 2*m = 5*t - 3*m - 2483675. Is t a prime number?
False
Let j(a) = 5*a - 185. Let m be j(37). Suppose 2*p + 1401 = f, m*f - 1399 = -f + p. Is f a prime number?
False
Let m be (-3 + (-597)/6)*-2. Let n(f) = f**3 - 4*f**2 + 2*f - 61. Let j be n(9). Let h = j - m. Is h prime?
True
Suppose 0*x = 4*x - 5*s - 11, 5*s - 17 = -3*x. Suppose 0 = x*q - 5*m - 3686, 4*q - 4*m = -2*m + 3680. Is q a composite number?
False
Suppose 0 = 2*u + b - 2967, -1858 = -u - 4*b - 385. Let f = 934 + u. Is f a composite number?
True
Suppose -4*f - 77205 = 11*f. Let l = -2541 - f. Suppose l = n - s, 2*n + 289 = -2*s + 5513. Is n composite?
False
Let u(z) = -9*z + 184. Let s be u(20). Suppose -17770 = -2*m - 2*p, s*p - 8825 = -2*m + 8945. Is m composite?
True
Let b = 11398 + 14398. Let o = b + -16275. Is o a composite number?
False
Suppose 0 = -15*a - a + 10224. Let b = 932 - a. Is b a prime number?
True
Suppose -97*z + 57499 = -84*z. Let q = z - -15148. Is q a composite number?
False
Suppose -25 = -8*u + 3*u. Let c = -26634 - -44526. Suppose -u*q - 5*p + c = -2*p, -5*p + 17890 = 5*q. Is q composite?
True
Let h(n) = n**2 - 16*n - 77. Let l be h(-4). Suppose 3*p + w = 12832, -l*w + 17141 = 4*p - 8*w. Is p a prime number?
False
Let a(f) = 18*f**2 + 24*f - 29. Let o be 10/25 - 415/(-25). Is a(o) prime?
True
Let d(o) = -392*o. Let q be d(-2). Let m = -686 + 239. Let c = m + q. Is c a composite number?
False
Let q(o) = -412*o**3 + 5*o**2 + 22*o + 39. Is q(-8) a composite number?
True
Let n = -5418 - -2051. Let o = n - -14654. Is o prime?
True
Let t = 521 + -350. Suppose 3*c = 2*c - t. Is (c/(-2))/(-3)*506/(-69) a prime number?
False
Let c = -314 - -706. Let h = -1411 - -1414. Suppose -c = -h*f + 181. Is f a composite number?
False
Let c(a) = 21*a**2 - 7*a + 1. Let w(n) = -7*n + 43. Let m be w(5). Let p be c(m). Let z = p - -334. Is z composite?
True
Let y = 486143 - 71680. Is y composite?
True
Let g(j) be the third derivative of 97*j**4/24 - 139*j**3/6 - 85*j**2. Is g(9) prime?
False
Let g be (-11)/(-77) - 6054/(-7). Suppose -3*v = -8*v + g. Suppose z + 4*c - 54 = 0, -4*c - v = -2*z + c. Is z composite?
True
Let p(q) = -q**3 - 34*q**2 - 42*q + 20. Let w be p(-22). Let m = -923 - w. Is m prime?
False
Let o(t) = 6 + 1 - 6*t**2 - 2*t**2 - 9*t - 26*t**3 + 3*t**2. Let p be o(-5). Suppose -3*l + p + 4560 = 0. Is l a prime number?
True
Let u(p) = 12 + 9*p + 43*p**2 - 3*p - 36*p**2. Let k = -3 + 12. Is u(k) composite?
True
Suppose 4*z - 3660 = 58428. Suppose 9*d - 1641 = z. Is d a prime number?
True
Let d be 132*(9/(-6) + 2). Suppose 4*y - 1969 - 3358 = -a, -a = -3*y + 3990. Let v = d + y. Is v composite?
True
Let w be (-117 - (2 - 0))/(28/(-196)). Let j = w + 330. Is j prime?
True
Let n(v) = v**3 + 9*v**2 + 15*v + 6. Let i be n(-7). Let b(y) = 348*y**2 - 16*y - 17. Is b(i) prime?
True
Is 1*17 - (-9641578)/167 prime?
True
Suppose 3*x = 5*t - 10252, 0 = -17*t + 12*t - 2*x + 10257. Is (t/21)/(8/2328) a prime number?
False
Suppose 0*o + b = 3*o - 47509, -3*o + 47510 = -2*b. Let t = -11239 + o. Is t a prime number?
True
Suppose 15*w + 5*r = 17*w - 42, 4*r + 60 = 4*w. Suppose -w*h + 5*h + 24 = 0. Suppose 5*x + 4*v = 322 + 100, 3*x + h*v = 258. Is x prime?
False
Let a(x) = 7 + 50*x - x**2 - 7 - 5 - 5 - 12. Is a(47) prime?
False
Let m be -4 + (627 - (-2 + 1)). Suppose 4*r + 1486 = 2*u, -2*u - 5 = 1. Let y = r + m. Is y prime?
True
Let o(b) = -3*b. Let s be o(-2). Let c = -9 + s. Is 6*(-73)/c + 3 a composite number?
False
Suppose -18*p + 30*p + 26551 = 19*p. Is p a prime number?
True
Let x(m) = -m**2 - 10*m + 29. Let f be x(-12). Suppose -19 = f*s + 6. Is s/(-10) - 117/(-2) a composite number?
False
Let r(k) = k**2 - 6*k + 6. Suppose t - 43 = -5*p - 16, -p - 2*t = -9. Let j be r(p). Is ((-3)/9*3)/(j/(-159)) a prime number?
False
Suppose -2*q = 7 - 13, 5*l - 5*q + 100 = 0. Let t(m) = m**3 + 0 - 1 + 20*m**2 - 2 + 19*m. Is t(l) composite?
False
Suppose 6*a + 2*a = 16. Suppose 10 = 4*l - 3*r - 11, 2*r + 12 = a*l. Suppose 